ate the greatest common factor of 3201422 and 42.
14
What is the highest common factor of 1424 and 47704?
712
Calculate the highest common divisor of 585 and 8710.
65
What is the highest common divisor of 38700 and 817?
43
Calculate the greatest common divisor of 196375 and 75.
25
What is the greatest common factor of 126616 and 102?
34
Calculate the highest common factor of 1550 and 6882.
62
Calculate the highest common factor of 2304 and 93056.
128
What is the highest common divisor of 177523 and 218369?
1571
What is the greatest common divisor of 500968 and 416?
104
Calculate the greatest common factor of 36 and 7217136.
36
What is the greatest common divisor of 112 and 9884?
28
Calculate the highest common factor of 36558 and 72.
18
Calculate the greatest common divisor of 22227 and 93.
93
What is the greatest common factor of 7637783 and 263?
263
What is the highest common divisor of 5 and 59135?
5
Calculate the greatest common divisor of 144205 and 15.
5
What is the highest common divisor of 28118 and 170?
34
What is the highest common divisor of 4905 and 1170?
45
Calculate the greatest common divisor of 761 and 8886197.
761
What is the highest common divisor of 119 and 31042?
17
Calculate the greatest common factor of 2059 and 41731.
29
Calculate the greatest common divisor of 19557 and 2214.
369
Calculate the highest common divisor of 48585 and 14760.
615
What is the greatest common factor of 22 and 237732?
22
What is the greatest common factor of 6454 and 644?
14
Calculate the greatest common factor of 20 and 440120.
20
Calculate the highest common factor of 409448 and 2184.
104
What is the highest common divisor of 8310 and 90?
30
Calculate the greatest common divisor of 39292 and 253.
11
Calculate the greatest common factor of 1008 and 64176.
336
Calculate the greatest common divisor of 62149 and 38.
19
Calculate the greatest common divisor of 1216 and 308712.
152
What is the greatest common factor of 192 and 195200?
64
Calculate the greatest common divisor of 29328 and 2067.
39
What is the highest common factor of 1189 and 2262?
29
What is the highest common divisor of 343590 and 12090?
390
What is the greatest common factor of 316 and 10522168?
316
What is the greatest common factor of 1629 and 36?
9
Calculate the greatest common factor of 66 and 936342.
66
What is the highest common divisor of 259520 and 640?
320
Calculate the highest common divisor of 558 and 17174.
62
What is the greatest common divisor of 260 and 7826?
26
What is the highest common factor of 758630 and 214?
214
Calculate the highest common divisor of 43813 and 385.
77
Calculate the greatest common factor of 690948 and 68.
68
What is the greatest common factor of 122 and 8662?
122
What is the highest common factor of 2036 and 206?
2
What is the highest common factor of 11339 and 12121?
391
Calculate the greatest common factor of 7410 and 1368.
114
What is the greatest common divisor of 6 and 31134?
6
What is the greatest common divisor of 732 and 19581?
183
Calculate the greatest common divisor of 4395141 and 729.
729
Calculate the highest common divisor of 779575 and 100.
25
What is the highest common factor of 6834 and 25728?
402
What is the greatest common factor of 178858 and 74?
74
Calculate the highest common factor of 13785 and 3.
3
Calculate the greatest common divisor of 153 and 7667.
17
Calculate the greatest common factor of 2656 and 42164.
332
Calculate the highest common divisor of 22780 and 938.
134
Calculate the highest common divisor of 589 and 7936.
31
What is the greatest common factor of 8 and 6356?
4
Calculate the highest common divisor of 11 and 4038694.
11
Calculate the highest common factor of 15523 and 559.
43
Calculate the greatest common factor of 510 and 515865.
255
What is the highest common factor of 69325 and 940?
235
What is the greatest common divisor of 138091 and 17?
17
Calculate the highest common factor of 20304 and 1833.
141
What is the greatest common factor of 360 and 30840?
120
What is the highest common divisor of 11 and 1375?
11
What is the highest common factor of 62105 and 5?
5
Calculate the highest common divisor of 1853 and 139084.
109
Calculate the greatest common divisor of 2636 and 324.
4
Calculate the highest common divisor of 2658 and 96.
6
Calculate the greatest common divisor of 710 and 545635.
355
Calculate the greatest common divisor of 39 and 182247.
39
Calculate the highest common factor of 198 and 271098.
18
What is the greatest common divisor of 29 and 153149?
29
What is the highest common divisor of 3 and 514080?
3
Calculate the highest common divisor of 1909132 and 956.
956
Calculate the greatest common divisor of 97 and 224167.
97
What is the greatest common factor of 121012 and 116?
4
What is the greatest common divisor of 4 and 61496?
4
What is the highest common factor of 63425 and 177?
59
What is the greatest common divisor of 550 and 2010250?
550
Calculate the highest common divisor of 5492 and 52.
4
Calculate the greatest common factor of 1935 and 166797.
387
Calculate the greatest common divisor of 114485 and 14.
7
Calculate the greatest common divisor of 3913 and 607633.
559
What is the highest common factor of 7900 and 4?
4
Calculate the greatest common divisor of 71232 and 96.
96
Calculate the greatest common divisor of 430 and 434515.
215
Calculate the greatest common factor of 116069 and 185.
37
Calculate the highest common factor of 465537 and 464.
29
What is the highest common divisor of 903 and 4893?
21
What is the highest common divisor of 20 and 92375?
5
What is the greatest common factor of 873894 and 147?
21
Calculate the greatest common divisor of 3471 and 18.
3
Calculate the highest common divisor of 26751 and 27750.
111
Calculate the greatest common divisor of 16989 and 126.
21
What is the greatest common factor of 13233 and 8844?
33
What is the highest common divisor of 15200 and 52725?
475
Calculate the greatest common factor of 43240 and 345.
115
What is the greatest common factor of 12371 and 17088?
89
What is the greatest common factor of 1300023 and 81?
27
What is the greatest common divisor of 2065 and 210?
35
Calculate the greatest common factor of 3190 and 307400.
290
Calculate the greatest common divisor of 3454 and 12254.
22
Calculate the highest common divisor of 378 and 143262.
378
Calculate the highest common divisor of 1134 and 12096.
378
What is the greatest common factor of 8 and 2879?
1
What is the greatest common divisor of 2828 and 28684?
404
What is the greatest common divisor of 120 and 7290?
30
What is the highest common divisor of 257796 and 252?
252
What is the highest common divisor of 7831 and 27313?
191
What is the greatest common factor of 77226 and 324096?
1266
What is the highest common factor of 6585 and 405?
15
Calculate the highest common divisor of 23625 and 235683.
189
What is the highest common factor of 58 and 91756?
58
Calculate the highest common factor of 55 and 586135.
55
Calculate the highest common divisor of 237 and 87.
3
Calculate the greatest common divisor of 6 and 384474.
6
What is the highest common factor of 3 and 57436?
1
Calculate the greatest common divisor of 217761 and 87.
87
Calculate the greatest common divisor of 11836552 and 112.
56
What is the greatest common factor of 28 and 23149?
7
Calculate the highest common divisor of 10658 and 4.
2
Calculate the highest common divisor of 54606 and 684.
114
Calculate the greatest common factor of 126 and 1301706.
126
Calculate the highest common factor of 198219 and 147.
21
What is the greatest common factor of 299222 and 14?
14
Calculate the highest common factor of 105 and 16149.
21
Calculate the greatest common factor of 88946 and 962.
26
Calculate the highest common divisor of 27 and 2490.
3
Calculate the highest common factor of 6045 and 434.
31
Calculate the greatest common divisor of 46176 and 936.
312
Calculate the highest common factor of 18840 and 9280.
40
What is the greatest common factor of 244929 and 114?
57
What is the highest common factor of 794025 and 675?
225
Calculate the greatest common divisor of 7580 and 2379362.
758
What is the greatest common divisor of 2998 and 106?
2
What is the greatest common divisor of 79226 and 14?
14
Calculate the greatest com